f + 361 = i, -p = -9*f + 6*f - 127. What are the prime factors of p?
11
Suppose 6*f + 193520 = 47*f. List the prime factors of f.
2, 5, 59
Suppose m + 0*m - 3*q + 22 = 0, 0 = -5*m + 5*q - 60. List the prime factors of 0 + 3 + (-2709)/m.
2, 3, 5, 13
Let j(l) = 7*l**3 - 4*l**2 + 10. Let z be j(3). Suppose -5*y + 4*w + 931 = 0, -2*y + 3*y - z = -5*w. What are the prime factors of y?
3, 61
Suppose -5*i - 4*m + 29302 = 0, -5*m + 83458 = -26*i + 236009. List the prime factors of i.
2, 7, 419
Suppose 0 = -2*r - 6*r + 3*r. Let g be r + 2/((-4)/298). Let s = g + 221. What are the prime factors of s?
2, 3
Let f(p) = -1116*p - 458. What are the prime factors of f(-12)?
2, 29, 223
Suppose x - 29500 = 4*s + 9582, 4*s + 156292 = 4*x. List the prime factors of x.
2, 5, 3907
Let u(t) = -t**2 + 10*t + 26. Let d(q) = q**2 - 9*q + 12. Let g be d(9). Let v be u(g). Suppose -169 = -v*j + 13. List the prime factors of j.
7, 13
Let u(r) = -7*r + 209. Let z(o) = -10*o + 209. Let b(k) = 6*u(k) - 5*z(k). List the prime factors of b(12).
5, 61
Let y = -137 + -99. What are the prime factors of (y/6)/(466/(-42) - -11)?
7, 59
Let o(s) = -4*s**3 - 5*s**3 - 8*s - 9 - 2*s + 5*s**3. What are the prime factors of o(-3)?
3, 43
Suppose 5*q - 4*s - 29350 = 0, 29350 = 5*q - 389*s + 390*s. What are the prime factors of q?
2, 5, 587
Suppose 225 + 39 = -4*i. Let z = i + 70. Suppose -2*a - 4*s = -218, -4*a + 93 + 355 = -z*s. What are the prime factors of a?
3, 37
Let p = 2803 + -463. Suppose -7*r + p = -1559. List the prime factors of r.
557
Suppose -b + 51705 = -31*d + 609364, -2*d - 3*b + 35978 = 0. What are the prime factors of d?
17989
Let n(f) = 2633*f + 1947. List the prime factors of n(7).
2, 23, 443
Let k be 379/2 - 90/(-60). Suppose -6*c = -3*o - c - k, -313 = 4*o + 5*c. What are the prime factors of 9/27 - 10/3 - o?
3, 23
Suppose 0 = -4*u - 5*j - 1, 2*j - 21 + 27 = 4*u. What are the prime factors of (u + 6/(-2))/(22/(-13651))?
17, 73
What are the prime factors of 846/(-12)*(6 - 15028/39)?
47, 569
Let s(i) = -7*i**3 + 18*i**2 + 23*i + 9. What are the prime factors of s(-10)?
23, 373
Suppose -64*a = 13*a - 2438206 - 427965. What are the prime factors of a?
37223
Suppose -42*p = -37*p - 80. Suppose -3*r = -5*i - 816 + p, 4 = -4*i. List the prime factors of r.
5, 53
Suppose 3*w - 4*u - 35 = -0*u, u = -5. Suppose -729 = -w*h + 11. Suppose -4*m = 4*v - h, -5*v + 0*m + 191 = 2*m. What are the prime factors of v?
3, 13
Suppose -3*g + 107716 = -5*s, g + 45*s - 43*s - 35909 = 0. What are the prime factors of g?
3, 11969
Let o be (7/(-2) + 3)*(3 + -3). Suppose o = -5*g + 6*g - 3. Suppose 2*h = 2*y + 14, -g*h + 2*y + 22 = -0*y. What are the prime factors of h?
2
Let g(d) be the second derivative of d**5/20 + 5*d**4/4 - 11*d**3/6 - 21*d**2/2 + 6*d - 2. What are the prime factors of g(-8)?
5, 103
Let l = 7499 + 4709. List the prime factors of l.
2, 7, 109
Let n(p) = 53868*p**3 - 349*p**2 + 351*p - 1. What are the prime factors of n(1)?
103, 523
Let z = 13409 + -12715. List the prime factors of z.
2, 347
Let p = -86 + 91. Suppose -p*t + q = 3*q - 701, -3*q = -2*t + 288. Suppose -5*b + 8*b = t. What are the prime factors of b?
47
Suppose 0 = 2*s + 5*b - 525, 290 = -4*s + 5*s - 3*b. Suppose -q - 5*y + s = -4*y, -2*y - 542 = -2*q. What are the prime factors of q?
3, 7, 13
Let x(g) = 55*g**2 + 518*g - 27. List the prime factors of x(-25).
2, 13, 823
Suppose 83*a - 170*a + 86*a + 38452 = 0. List the prime factors of a.
2, 9613
Suppose -g - 65 = i, -i + 5*g = 11 + 24. What are the prime factors of ((-85)/75 - 8/i)*-191?
191
Let u = -167 + 164. What are the prime factors of 3*(2*-397)/(-9 - u)?
397
Let o(u) = -u**2 + 25 - 7*u**2 + u**3 - 9 + 4*u + 8*u**3. What are the prime factors of o(4)?
2, 3, 5
Let t(o) = 5*o - 30. Suppose -2*k = 4*k - 24. Let r be t(k). List the prime factors of (r/8)/(-4 + 5562/1392).
2, 5, 29
Suppose -7*x + 10*x = 9. Suppose -379 = -5*r - 2*d + 1279, 0 = -x*r - d + 995. What are the prime factors of r?
2, 83
Let a be (0 - -1)/((24/(-944))/(-3)). Let v = -10 + a. What are the prime factors of v?
2, 3
Let g be (1 - 1) + 6 + -4. Suppose -g*c = -3*c + 128. Suppose -3*k = -2*z - 90, 6*k - c = k - 4*z. List the prime factors of k.
2, 7
List the prime factors of 7/14 + (-20439)/(-6).
3407
Let o = -546 - -548. Suppose -o*r + 45 + 583 = 0. What are the prime factors of r?
2, 157
List the prime factors of 769/((1/14)/((-28)/(-49))).
2, 769
Suppose -38*s - 1599 = -42*s + 3*h, 4*s = -2*h + 1574. Let l be 44/16 - 2/(-8). Suppose 4*q + 4*c = 7*c + 532, -l*c = -3*q + s. List the prime factors of q.
2, 17
Suppose -295*c = -69*c - 648168. What are the prime factors of c?
2, 3, 239
What are the prime factors of (-1300272)/(-38) - (-996)/3154?
2, 3, 1901
Let j = 17068 + -11070. List the prime factors of j.
2, 2999
Let f(q) = -21*q + 247. Let z be f(-9). Let u = 720 + z. What are the prime factors of u?
2, 17
Let h = 45 - 45. Let u(y) = -y + 8. Let m be u(h). What are the prime factors of 290/m - (-21)/(-84)?
2, 3
Suppose 0*p - 4*p = -60. Suppose 21*m - 22*m = -3*g - 13, -4*m + 2*g + 102 = 0. List the prime factors of 2323/p + m/210.
5, 31
Let o(k) = -4*k - 11 - 23*k - 5*k + 30*k - 18*k. Let g(j) = j**3 + 5*j**2 - 5*j. Let p be g(-6). What are the prime factors of o(p)?
109
Let k(q) = 6*q**2 + 73*q + 304. Let b be k(-4). Suppose 0 = -0*w + 2*w. What are the prime factors of b/3 - (5 - w)?
31
Let q = 334 - 329. Suppose -q*f - 2056 = -4*l, -12*l + 9*l - 3*f = -1569. What are the prime factors of l?
3, 173
Suppose y - 33*u + 36*u = 7, 5*u = 2*y + 8. Let q(j) = 296*j**3 + j**2 - 3*j + 3. List the prime factors of q(y).
3, 11
Suppose -163*i + 134*i = -151264. List the prime factors of i.
2, 163
Suppose -5*j = -4*j - 4, -j + 49016 = 2*r. List the prime factors of r.
2, 12253
Let v = -21104 + 36806. List the prime factors of v.
2, 3, 2617
Let n(p) = p**3 - 4*p**2 - 6*p + 9. Let l be n(5). Suppose 2*y - 8 = 0, 0 = -w + 4*y - 3*y - l. Suppose -26*u + 27*u - 243 = w. List the prime factors of u.
3
Suppose 0 = -711*a + 720*a - 53613. What are the prime factors of a?
7, 23, 37
Let f(n) = 2*n - 2. Let o(h) = -76*h + 150. Let x(y) = 10*f(y) + o(y). List the prime factors of x(-3).
2, 149
Let j = -250 + 168. Let x = 82 - j. List the prime factors of x.
2, 41
Suppose 18*h - 24*h = -6. Suppose -5*j - 6*u + h = -2*u, 0 = u + 1. List the prime factors of (-388)/(-14)*(6 + j - 0).
2, 97
Suppose 5*f - 989 - 635 = -4*u, -3*u + 1253 = -5*f. Suppose u = 4*a - 477. What are the prime factors of a?
2, 3, 37
Let f be (-1 - (-1)/(-5))*(-14430)/52. Suppose f*x - 140 = 329*x. List the prime factors of x.
5, 7
List the prime factors of 17648 + 9/18*16 + (-1 - 3).
2, 3, 1471
Let r be -5691*5/20*-4. Suppose 0 = -38*b + 17*b + r. What are the prime factors of b?
271
Let r(g) be the first derivative of -28*g**4 + g**2 - 2*g - 275. List the prime factors of r(-2).
2, 5, 89
Let w(h) = 26*h + 2. Let r be (-3)/6 + (-308)/8. Let u = r - -45. List the prime factors of w(u).
2, 79
Let p = 304 + -302. Suppose -5*h + 2414 + 1937 = 4*d, 2180 = p*d + 4*h. List the prime factors of d.
2, 271
Let q = 36 + -26. Suppose -4*w = 3*u - 689, -5*u - 3*w = -q*u + 1100. What are the prime factors of u?
223
Suppose -35*s + 1894037 = -272218. List the prime factors of s.
3, 13, 23
Let g(x) = -37*x**3. Let v be g(-1). Let h = -32 + v. Suppose -o + h*n = -229, -2*o = n + n - 398. List the prime factors of o.
2, 3, 17
Let l(d) = -1 - 2 + 5 + 118*d - 21*d. Let o be l(-1). Let u = o + 163. What are the prime factors of u?
2, 17
Let u = 114078 - 78976. List the prime factors of u.
2, 17551
Suppose -4*z + 143708 = 5*i, 28*i = 25*i + 4*z + 86276. What are the prime factors of i?
2, 7187
Let g = 68 - 65. Suppose 4*b - 633 = -g*l + b, l = 2*b + 202. Suppose -4*c = -4*j - l, 2*c - c = -4*j + 52. What are the prime factors of c?
2, 13
Let v = -642 - -1745. Let b = v - 534. What are the prime factors of b?
569
Suppose 8 = 4*q, 20*a - 24*a = 5*q - 11246. What are the prime factors of a?
53
Let t be ((-6)/(-15))/((-4)/(-1 + -139)). List the prime factors of (29176/3)/t + (-1)/(-3).
5, 139
Suppose 0 = 2*r - 14 + 10. Suppose 2*x - r*x = -x. Suppose -s + 116 = -x*s. List the prime factors of s.
2, 29
Suppose 0 = -9*d + 13*d - 4. Let z(i) = 2*i**3 - i**2 + i. Let h